6126?
-146a77
In base 2, what is -111101011100010000 + -100011?
-111101011100110011
In base 6, what is -1012342 + 32503?
-535435
In base 11, what is -522a - 2787?
-7a06
In base 6, what is -15255 + -1021124?
-1040423
In base 14, what is 0 + -172d571?
-172d571
In base 8, what is 545 - 323615?
-323050
In base 2, what is -110010001001110111100 - -10000?
-110010001001110101100
In base 14, what is 42224 + -cd4?
41330
In base 14, what is c + -1c652b?
-1c651d
In base 12, what is 126b010 + -82?
126ab4a
In base 14, what is -1 - 7834523?
-7834524
In base 4, what is -23003 + 322310313?
322221310
In base 8, what is -4666 - 15157?
-22045
In base 9, what is 136 + -210454?
-210317
In base 12, what is -2 - bb073a?
-bb0740
In base 8, what is 2773537 - 45?
2773472
In base 10, what is 4 - 198474878?
-198474874
In base 9, what is 5 + -38625404?
-38625388
In base 9, what is 1 + 336157356?
336157357
In base 6, what is 23351041 - -3553?
23355034
In base 6, what is -1 - 2333555335?
-2333555340
In base 13, what is 5b673694 - -2?
5b673696
In base 6, what is -131235 + 323?
-130512
In base 2, what is 111011001100011111011 + 101?
111011001100100000000
In base 12, what is 1156 - -1637?
2791
In base 11, what is 50a12 - -80?
50a92
In base 14, what is 82 - -2014454?
20144d6
In base 2, what is -110111111101110 + -1011101011?
-111001011011001
In base 3, what is -222 + 22001111012?
22001110020
In base 9, what is 2 + -5851870?
-5851867
In base 9, what is -30842 + 8202?
-21640
In base 9, what is -376 - -1163380?
1163003
In base 10, what is -4941395 + 56?
-4941339
In base 16, what is -6399 - 50?
-63e9
In base 14, what is 37b70 + c7?
37c57
In base 16, what is -1 - -142479f?
142479e
In base 2, what is 101001000 - 101100110000?
-100111101000
In base 12, what is 2 - 1b84871b?
-1b848719
In base 10, what is 20 - -35317446?
35317466
In base 10, what is 1227 + -582?
645
In base 4, what is 0 + 2203231010000?
2203231010000
In base 2, what is -1000001100110100101110 - 111110100?
-1000001100111100100010
In base 9, what is 1 - 4034172?
-4034171
In base 12, what is 141 - 6603?
-6482
In base 5, what is 10 + 1201422442111?
1201422442121
In base 5, what is 314103202 + -30?
314103122
In base 9, what is -10 + 27371671?
27371661
In base 11, what is 0 + -97a39664?
-97a39664
In base 11, what is -5a3201 - 9?
-5a320a
In base 6, what is 122 - -300152215?
300152341
In base 7, what is 413000 + 4234?
420234
In base 10, what is -160 + -484146?
-484306
In base 10, what is -2790 - -18350?
15560
In base 3, what is 10 + 1101022002122?
1101022002202
In base 8, what is -161126 + -1635?
-162763
In base 9, what is -4 - 4243480?
-4243484
In base 4, what is -2 - -101222313312?
101222313310
In base 5, what is -1331444104 - 134?
-1331444243
In base 9, what is 43063 + 877?
44051
In base 6, what is 3215303 - 41?
3215222
In base 11, what is 4 + 9387181a?
93871823
In base 15, what is -1005b3b2 - 3?
-1005b3b5
In base 6, what is 431 + 503150?
504021
In base 14, what is -16b25 + -2a0?
-16dc5
In base 13, what is -6 + 4946352?
4946349
In base 2, what is 11 - -10101101111000110100101111?
10101101111000110100110010
In base 2, what is 1011 - 1110000111011110001?
-1110000111011100110
In base 6, what is 10003150 + 15101?
10022251
In base 5, what is 34002401 + 142?
34003043
In base 7, what is -130101 + 1241?
-125530
In base 3, what is 11 - -110001122100122?
110001122100210
In base 10, what is 5568 + -10554?
-4986
In base 6, what is 15410 - 2031201?
-2011351
In base 12, what is 3720430 - -11?
3720441
In base 10, what is 0 + -4815?
-4815
In base 6, what is -235314400 + 1?
-235314355
In base 3, what is 11120022112012 - 1122?
11120022110120
In base 12, what is -18b18 - -1952?
-17186
In base 5, what is -111 + -31241002?
-31241113
In base 16, what is -3d2d + -332?
-405f
In base 2, what is -11111 - -100001000011000010000?
100001000010111110001
In base 16, what is 4 + -a24d0f?
-a24d0b
In base 15, what is 24b2 - 0?
24b2
In base 4, what is 30123131111 + 1?
30123131112
In base 15, what is -56865 - -15?
-56850
In base 8, what is 257021724 + -3?
257021721
In base 6, what is 1104541 + -113?
1104424
In base 11, what is 47283a65 - -2?
47283a67
In base 15, what is 5cd + 17d9a?
18478
In base 9, what is 4334738461 + 0?
4334738461
In base 12, what is -220 - 126a94?
-1270b4
In base 5, what is 2 - 404223040?
-404223033
In base 8, what is -125 + -1034237?
-1034364
In base 6, what is 40415 - -551011?
1031430
In base 4, what is 1322120 - -101222?
2030002
In base 8, what is -2417 - -5477?
3060
In base 9, what is -7572 - 13002?
-21574
In base 11, what is a4 - 13230?
-13137
In base 13, what is 19 - 12277c8?
-12277ac
In base 3, what is 201 + 22222122011210?
22222122012111
In base 15, what is -377d37 + 3?
-377d34
In base 9, what is -656342 - -101?
-656241
In base 9, what is 1618 - 37078?
-35360
In base 11, what is -5801 - 471?
-6172
In base 5, what is -3431 - -1422223?
1413242
In base 6, what is -1101231 + -43?
-1101314
In base 5, what is -23 + 31214124?
31214101
In base 14, what is -5 + -b88a8db?
-b88a902
In base 9, what is 567 - -202454?
203132
In base 13, what is -774 - -7135?
6691
In base 14, what is -a1 - -609d59?
609c98
In base 15, what is d75d32 + 2?
d75d34
In base 2, what is -1111010111110 + 10001010000111011?
1111010101111101
In base 6, what is 110313242 - -5?
110313251
In base 16, what is 3177 - -3a1f?
6b96
In base 9, what is -10030406 + -560?
-10031066
In base 6, what is -1541 + -45042045?
-45044030
In base 6, what is -5543522 - 2?
-5543524
In base 15, what is 75ad3 - -68?
75b4b
In base 16, what is 3 + 4954786?
4954789
In base 11, what is -53758 - 1123?
-54880
In base 10, what is -2 - -152639?
152637
In base 2, what is 10110010010 - 101100011001101100?
-101100000011011010
In base 16, what is 1a07 + a9b?
24a2
In base 8, what is 207157 - -22560?
231737
In base 8, what is 773 + -142633?
-141640
In base 2, what is 1111 + -10011011100001101011011?
-10011011100001101001100
In base 15, what is 2b2 + -19ce6?
-19a34
In base 16, what is -1 + -6f351?
-6f352
In base 11, what is 16 + 81a4?
820a
In base 4, what is 10232020033 + 113?
10232020212
In base 13, what is -5 - 50a8b6?
-50a8bb
In base 12, what is 12 + 46043?
46055
In base 4, what is -230 - -12022222233?
12022222003
In base 15, what is -46a5b1 + -1?
-46a5b2
In base 13, what is -15 + 717342?
71732a
In base 6, what is -414513 - 2500?
-421413
In base 14, what is -132501d - 9?
-1325028
In base 3, what is 112221121012 - 11001?
112221110011
In base 9, what is 251856 + 13?
251870
In base 15, what is -1b - 506c7?
-506e3
In base 8, what is -56 + -6067756?
-6070034
In base 16, what is -a - -387746?
38773c
In base 8, what is 1465 + 1000777?
1002464
In base 12, what is 14307 - -78b?
14a96
In base 14, what is 14 - c34c?
-c338
In base 12, what is -1b + 2933374?
2933355
In base 12, what is 0 + 8a557a2?
8a557a2
In base 3, what is -10101 + -10022021102?
-10022101210
In base 8, what is 51003474 + 3?
51003477
In base 16, what is -a + 1480cf3?
1480ce9
In base 14, what is 3d9 + 238124?
23851d
In base 16, what is 1d2 - -28fd98?
28ff6a
In base 12, what is -3 - 47b6454?
-47b6457
In base 2, what is -1001000011010010100000 + -110?
-1001000011010010100110
In base 7, what is -3600 - -3212?
-355
In base 12, what is -42 + -3a2b7?
-3a339
In base 11, what is 14a65204 + 1?
14a65205
In base 16, what is -3f - -459ee2?
459ea3
In base 6, what is 4 - -10150125?
10150133
In base 13, what is 2 + 91c7c9?
91c7cb
In base 4, what is 1110120011 + 2331?
1110123002
In base 2, what is 10100000111100001010011110 - -100?
10100000111100001010100010
In base 16, what is -918 + 6c8c?
6374
In base 4, what is 13111030123 + -11?
13111030112
In base 6, what is -10350 + -132121?
-142511
In base 13, what is -10103 + -85?
-10188
In base 2, what is 11101100011 - 1110101001?
1110111010
In base 11, what is 36 - -14a440a?
14a4445
In base 10, what is 7277 - 39738?
-32461
In base 14, what is -65356 - -30?
-65326
In base 7, what is 25503 - -23016?
51522
In base 16, what is 19 - -30e7e?
30e97
In base 9, what is 740 - -163216?
164056
In base 9, what is 773663 + 17?
773681
In base 12, what is aa143835 + 0?
aa143835
In base 16, what is 71 - -7c8a3?
7c914
In base 7, what is -3432 - 14331?
-21063
In base 5, what is -14312431421 + -2?
-14312431423
In base 13, what is -4 - 9bb8535?
